 units digit of g(y)?
8
Let t(u) = 2*u**2 + u + 2. Suppose -5*g + 4 = -4*g. Suppose -5*d + 2*m - 15 = 5, 0 = g*d - m + 16. What is the tens digit of t(d)?
3
Let p(o) = -3*o - 6. Let t be p(-4). Suppose -t*c = -2*c - 16. Suppose -22 = -c*g + 14. What is the units digit of g?
9
Let m be (-3)/1 - (60 + -16). Let a = -17 - m. What is the tens digit of a?
3
Let r(l) = 3*l + 398. Let v be r(0). Suppose 5*b - 7*b = -v. What is the hundreds digit of b?
1
Let b = -668 + 1355. What is the units digit of b?
7
Let s(k) = k**2 + k - 1. Let c(w) = -57*w**2 - 4*w + 3. Let r(m) = 2*m + 13. Let v be r(-7). Let n(h) = v*c(h) - 3*s(h). What is the tens digit of n(1)?
5
Let a = -118 - -308. Let d = a + -89. What is the hundreds digit of d?
1
Suppose -4*g - 5*s + 153 = 0, -5*g + 131 = -4*s - 50. What is the tens digit of -1 + 3*g/3?
3
Let d = 5298 + -3712. What is the thousands digit of d?
1
Suppose 2*q - 3 - 1 = 0. Suppose 5*h = -q*z + 14, -5*h = -z - 2 - 6. Suppose -z*k + 20 = -0. What is the units digit of k?
0
What is the hundreds digit of (8 + 46/(-6))*1509?
5
Let m = -13 - -19. Suppose 3*n - 3*g = -m*g + 15, 0 = 4*n - 4*g - 60. Suppose n = -j + 33. What is the units digit of j?
3
Let t(k) = 3 + 1 - 2*k - 3 - 2. Let g be t(-2). Suppose -g*r + 13 = -17. What is the tens digit of r?
1
Let b be 10 + 4/(6/3). Let m be 4/b - (-74)/3. Suppose 0 = -0*a - a + m. What is the tens digit of a?
2
Suppose 9*h - 4*h = -5*v + 750, 4*v - 584 = 4*h. What is the units digit of v?
8
Let t be (-296)/10 - 22/55. Let f(y) = -16*y**2 - 2*y + 3. Let a be f(2). Let l = t - a. What is the tens digit of l?
3
What is the tens digit of 4 - (-5 - (-4 + 55))?
6
Let v = -65 + 65. Suppose -6*x + 933 + 675 = v. What is the units digit of x?
8
Let x(k) = 3*k**2 - 5 + 3 + 2 + 3*k**3 - 2*k + 3. What is the tens digit of x(2)?
3
Let n = 53 + -1. Suppose y + 2*c - 13 = 0, -44 = -4*y - 2*c - 2*c. Let t = n + y. What is the tens digit of t?
6
Let m = 3630 + -1929. What is the thousands digit of m?
1
Let a(z) = -z**3 - 9*z**2 - 9*z - 5. Let k be a(-8). Suppose k*g - 2*x = -x + 13, 5*g = 3*x + 27. What is the units digit of g?
3
Let v be 12/(2/6 - 0). Let k = -32 + 21. Let z = v + k. What is the units digit of z?
5
Let g = -7 - 5. What is the tens digit of 6/(-10)*(-64)/g*-85?
7
Let y be 0*((-2)/(-3))/((-8)/12). Let u(z) = -2*z + 1. Let j be u(-3). Suppose 4*w - j - 1 = y. What is the units digit of w?
2
Let y = -3 - -3. Suppose y = 3*u - 6*u + 9. What is the units digit of (u/(-2))/(6/(-212))?
3
Suppose 16 = 4*z + k + 3*k, 5*k = 5*z - 50. What is the tens digit of 349 + 0 - 9/(2 + z)?
4
Suppose -7*a = -3*a - 56. Let p = a - 17. Let q = p + 12. What is the units digit of q?
9
Let p(w) = w**3 + 6*w**2 + 7*w + 2. Let v be p(-5). Let d = 8 + v. Suppose 15 = 5*q - d. What is the units digit of q?
3
Let s = -1724 - -2558. What is the hundreds digit of s?
8
Suppose -i + 21704 = 5*f, -5*i + 17 = -3. What is the tens digit of f?
4
Suppose 0 = u + 2*a - 174, 2*u = -2*u - 2*a + 696. What is the units digit of u?
4
Let c(w) = 50*w**2 + 6*w - 21. What is the thousands digit of c(-7)?
2
Let y = -304 - -526. What is the units digit of y?
2
What is the units digit of (-216996)/(-108) - 2/9?
9
Suppose i = -2*i + 15. Suppose 0 = -2*v + 7*v + i. What is the tens digit of (1 + (-18)/v)*1?
1
Let m(t) = t**2 - 5*t + 6. Let d be m(4). Suppose 5*l - 101 - 14 = -d*n, -n + 57 = 2*l. Let z = n + -30. What is the units digit of z?
5
Let g(v) = -5*v - 4. Suppose 5*j = -3*k + 41 - 12, -2*j - 4*k = -20. Let f be g(j). Let n = f + 54. What is the tens digit of n?
3
Let v = 6 - 4. Suppose -234 = -v*a - 36. What is the units digit of a?
9
Let t(u) = 16*u**2 - 49*u + 55. What is the thousands digit of t(17)?
3
Let u be 2/((8/(-36))/(457/(-3))). Suppose 0 = 4*b + 2*o - 183 - 893, 5*b = 4*o + u. What is the tens digit of b?
7
Let b(x) = 12*x**2 - 3*x + 3. Let g(a) = a**3 + 10*a**2 - 12*a - 9. Let w be g(-11). Let c be b(w). Let l = -26 + c. What is the units digit of l?
9
Let b = -43 + 186. Suppose 3*q = 4*f - b, -2*f + 0*q - 3*q = -49. What is the tens digit of f?
3
Let v(n) = -n**2 + 6*n - 6. Let q be v(8). Let k be (-136)/q - (-14)/(-77). What is the tens digit of -1*k/(-15)*80?
3
Suppose b + 13 = 3*d - 8*d, 0 = -2*b - 2*d + 6. Let h = 22 + b. What is the units digit of h?
9
Let p be (4 + 12/(-9))/(2/3). Suppose -p*f = -f - 366. What is the tens digit of f?
2
Let c(s) = 11 + 0 - s - 3*s + 3*s. Let m be c(10). What is the units digit of (12 - 5) + 1 + m?
9
Let z(b) = -117*b - 16. Let h be z(4). Let v = -269 - h. What is the units digit of v?
5
Let j = 79 + -53. Suppose j = 12*q - 238. What is the units digit of q?
2
Suppose 0 = 4*c - 3*g - g - 232, -5*c - 3*g + 282 = 0. Let a = c - -71. What is the hundreds digit of a?
1
What is the tens digit of ((-4732)/8)/13*-2?
9
Suppose 0*c - 3*i = c - 15, 5*c + 2*i = 23. Suppose -t + c*n = -2*t + 10, 5*t = 5*n + 10. What is the units digit of t?
4
Let s(r) = r**3 + r**2 - r + 3. Let x be s(0). Let p = x + -6. Let j = p - -22. What is the tens digit of j?
1
Let h(r) = -502*r - 5. What is the units digit of h(-1)?
7
Let m be ((-1)/(-2))/((-7)/(-126)). Suppose -8*y - 330 = -m*y. What is the units digit of y?
0
Let q = 43 + -41. Suppose 4*g + d - 186 = 0, q*g + 5*d - 34 = 50. What is the units digit of g?
7
Let t(s) = s + 15. Let m be t(-4). Let y = m - -70. What is the tens digit of y?
8
Let k(c) = -52*c - 7. Suppose -a + 16 = -4*n, -5*n + a = -2*a + 27. What is the tens digit of k(n)?
4
Let r be 554/6 + -3 + (-2)/(-3). What is the tens digit of r + 0 + -3 - -2?
8
Let k(v) = v - 6. Let z be 13 - (5 - (6 - 3)). Let w be k(z). Suppose 2 = w*a - 63. What is the tens digit of a?
1
Suppose 0*y = -y, 5*y + 382 = 2*p. Suppose 5*x + 21 = p. What is the units digit of x?
4
What is the units digit of -2*(6224/(-16) + (1 - 0))?
6
Suppose 5*i + 212 = -4*a, -a - 52 = i + 3*a. Let u = -22 - i. What is the tens digit of u?
1
Let o be (-1 + -8 + 8)/(1/21). Let g be (-544)/(-18) + 8/(-36). Let y = g - o. What is the units digit of y?
1
What is the thousands digit of (-10 + 1850/(-40))*-40?
2
Let c be -2 + -4 + 249 + -3. Suppose -2*l = t - 107, 5*l - t = 2*t + c. What is the units digit of l?
1
Let x(z) = 24*z**3 + 2*z**2 - 4*z + 2. Suppose 0 = -3*k - 55 + 61. What is the tens digit of x(k)?
9
Let b(n) = -5*n**2 + 5*n + 12. Let p be b(-3). What is the units digit of ((-78)/(-24))/((-2)/p)?
8
Let b = -5129 + 10260. What is the tens digit of b?
3
Let n(b) = 11*b**2 - 21*b + 31. What is the hundreds digit of n(8)?
5
Let o(j) = j**3 + 7*j**2 + 8*j + 1. Let k be o(-6). Let p(x) = 2*x + 26. Let h be p(k). What is the units digit of ((-4)/h)/2*-66?
3
Let q = 582 - 215. What is the tens digit of q?
6
What is the units digit of ((-1146)/9 - 0)*405/(-18)?
5
Let m(b) = b**2 + 5*b - 4. Let w be m(3). Let j = -8 + w. What is the units digit of (-6)/j*(-9 - 1)?
5
Let d(k) = k**2 - 7*k - 17. Let q be d(9). Let j(p) be the third derivative of 23*p**4/24 - p**3/6 + 2*p**2. What is the tens digit of j(q)?
2
Suppose 8874 = 165*l - 136*l. What is the tens digit of l?
0
Suppose 0 = 8*u + 5*u - 12506. What is the tens digit of u?
6
Let u be ((-3)/(-15) - (-85)/(-50))*-2. Suppose 0 = -g - 5*z + 100, 2*z + u*z = -2*g + 185. What is the units digit of g?
5
Let i(v) = -v**3 + 6*v**2 - 7*v + 4. Let u be i(4). Suppose 0 = u*o + 7*o - 2790. What is the hundreds digit of o?
1
Let t(x) = 5*x**3 + 2*x**2 + x - 2. Let i be t(1). Suppose -i*r + 126 = -4*r. What is the units digit of r?
3
Suppose 9*a = 5*a - 3*z + 1778, 894 = 2*a + 4*z. Suppose -15*c = -a - 457. What is the units digit of c?
0
Suppose s = 3*n + 546, s - 7 = -4*n + 525. What is the tens digit of s?
4
Suppose 9*r - 8*r + 72 = 0. Let u = 77 - r. What is the tens digit of u?
4
Let g(d) = -7*d**3 + d**2 + d. Let v be g(2). Let k = v - -73. Suppose b - 77 = -k. What is the units digit of b?
4
Let o be 3/(-5) - (-12)/20. Suppose -4*n - c + 188 = o, 2*n + 5*c - 90 = 4. What is the units digit of n/2 + (-15)/10?
2
Suppose d + 4*h = 14, -2*h = 2*d + d - 12. Let i = d - -15. Suppose -t = 2*p - i, -4*p + 24 + 5 = 3*t. What is the units digit of p?
1
Let t(u) = u**3 + 4*u**2 + 2*u + 1. Let d be t(-2). Suppose -70 + 5 = -d*m. What is the units digit of m?
3
Let o(a) = 7*a**2 - a. Let h(j) = j